Nov 30 21:33:38.624 INFO testing vn971/rm_rf against master#8940af3cea4a9a9deabcaf843b2f8cad9a83fc61 for beta-1.31-5
Nov 30 21:33:38.624 INFO running `"docker" "create" "-v" "/mnt/big/crater/work/local/target-dirs/beta-1.31-5/worker-4/master#8940af3cea4a9a9deabcaf843b2f8cad9a83fc61:/target:rw,Z" "-v" "/mnt/big/crater/work/local/test-source/worker-4/beta-1.31-5/master#8940af3cea4a9a9deabcaf843b2f8cad9a83fc61:/source:ro,Z" "-v" "/mnt/big/crater/work/local/cargo-home:/cargo-home:ro,Z" "-v" "/mnt/big/crater/work/local/rustup-home:/rustup-home:ro,Z" "-e" "USER_ID=1000" "-e" "SOURCE_DIR=/source" "-e" "USER_ID=1000" "-e" "CMD=cargo +8940af3cea4a9a9deabcaf843b2f8cad9a83fc61-alt build --frozen" "-e" "CARGO_TARGET_DIR=/target" "-e" "CARGO_INCREMENTAL=0" "-e" "RUST_BACKTRACE=full" "-e" "RUSTFLAGS=--cap-lints=warn" "-e" "CARGO_HOME=/cargo-home" "-e" "RUSTUP_HOME=/rustup-home" "-m" "1536M" "--network" "none" "crater"`
Nov 30 21:33:39.031 INFO [stdout] c2019ba89c19a430b92e7ba3d765d363d7a6731010af29cb817b61db3ec5990b
Nov 30 21:33:39.033 INFO running `"docker" "start" "-a" "c2019ba89c19a430b92e7ba3d765d363d7a6731010af29cb817b61db3ec5990b"`
Nov 30 21:33:40.835 INFO [stderr] usermod: no changes
Nov 30 21:33:40.935 INFO [stderr]    Compiling stacker v0.1.3
Nov 30 21:33:42.694 INFO [stderr]    Compiling rm_rf v0.2.2 (/source)
Nov 30 21:33:42.943 INFO [stderr]     Finished dev [unoptimized + debuginfo] target(s) in 2.07s
Nov 30 21:33:42.944 INFO [stderr] su: No module specific data is present
Nov 30 21:33:44.313 INFO running `"docker" "inspect" "c2019ba89c19a430b92e7ba3d765d363d7a6731010af29cb817b61db3ec5990b"`
Nov 30 21:33:44.637 INFO running `"docker" "rm" "-f" "c2019ba89c19a430b92e7ba3d765d363d7a6731010af29cb817b61db3ec5990b"`
Nov 30 21:33:44.959 INFO [stdout] c2019ba89c19a430b92e7ba3d765d363d7a6731010af29cb817b61db3ec5990b
Nov 30 21:33:44.965 INFO running `"docker" "create" "-v" "/mnt/big/crater/work/local/target-dirs/beta-1.31-5/worker-4/master#8940af3cea4a9a9deabcaf843b2f8cad9a83fc61:/target:rw,Z" "-v" "/mnt/big/crater/work/local/test-source/worker-4/beta-1.31-5/master#8940af3cea4a9a9deabcaf843b2f8cad9a83fc61:/source:ro,Z" "-v" "/mnt/big/crater/work/local/cargo-home:/cargo-home:ro,Z" "-v" "/mnt/big/crater/work/local/rustup-home:/rustup-home:ro,Z" "-e" "USER_ID=1000" "-e" "SOURCE_DIR=/source" "-e" "USER_ID=1000" "-e" "CMD=cargo +8940af3cea4a9a9deabcaf843b2f8cad9a83fc61-alt test --frozen --no-run" "-e" "CARGO_TARGET_DIR=/target" "-e" "CARGO_INCREMENTAL=0" "-e" "RUST_BACKTRACE=full" "-e" "RUSTFLAGS=--cap-lints=warn" "-e" "CARGO_HOME=/cargo-home" "-e" "RUSTUP_HOME=/rustup-home" "-m" "1536M" "--network" "none" "crater"`
Nov 30 21:33:45.453 INFO [stdout] 388a36dec19592a1de175783554548225b5de60a71ed8bfb4ad1f5bd38088e79
Nov 30 21:33:45.456 INFO running `"docker" "start" "-a" "388a36dec19592a1de175783554548225b5de60a71ed8bfb4ad1f5bd38088e79"`
Nov 30 21:33:46.315 INFO [stderr] usermod: no changes
Nov 30 21:33:46.371 INFO [stderr]    Compiling rm_rf v0.2.2 (/source)
Nov 30 21:33:47.491 INFO [stderr]     Finished dev [unoptimized + debuginfo] target(s) in 1.16s
Nov 30 21:33:47.495 INFO [stderr] su: No module specific data is present
Nov 30 21:33:48.363 INFO running `"docker" "inspect" "388a36dec19592a1de175783554548225b5de60a71ed8bfb4ad1f5bd38088e79"`
Nov 30 21:33:48.532 INFO running `"docker" "rm" "-f" "388a36dec19592a1de175783554548225b5de60a71ed8bfb4ad1f5bd38088e79"`
Nov 30 21:33:48.786 INFO [stdout] 388a36dec19592a1de175783554548225b5de60a71ed8bfb4ad1f5bd38088e79
Nov 30 21:33:48.794 INFO running `"docker" "create" "-v" "/mnt/big/crater/work/local/target-dirs/beta-1.31-5/worker-4/master#8940af3cea4a9a9deabcaf843b2f8cad9a83fc61:/target:rw,Z" "-v" "/mnt/big/crater/work/local/test-source/worker-4/beta-1.31-5/master#8940af3cea4a9a9deabcaf843b2f8cad9a83fc61:/source:ro,Z" "-v" "/mnt/big/crater/work/local/cargo-home:/cargo-home:ro,Z" "-v" "/mnt/big/crater/work/local/rustup-home:/rustup-home:ro,Z" "-e" "USER_ID=1000" "-e" "SOURCE_DIR=/source" "-e" "USER_ID=1000" "-e" "CMD=cargo +8940af3cea4a9a9deabcaf843b2f8cad9a83fc61-alt test --frozen" "-e" "CARGO_TARGET_DIR=/target" "-e" "CARGO_INCREMENTAL=0" "-e" "RUST_BACKTRACE=full" "-e" "RUSTFLAGS=--cap-lints=warn" "-e" "CARGO_HOME=/cargo-home" "-e" "RUSTUP_HOME=/rustup-home" "-m" "1536M" "--network" "none" "crater"`
Nov 30 21:33:49.165 INFO [stdout] 718ae37cd544eb7c105af793f796ed0c2b594c25691687fff36ba0efcbe3c881
Nov 30 21:33:49.171 INFO running `"docker" "start" "-a" "718ae37cd544eb7c105af793f796ed0c2b594c25691687fff36ba0efcbe3c881"`
Nov 30 21:33:50.347 INFO [stderr] usermod: no changes
Nov 30 21:33:50.414 INFO [stderr]     Finished dev [unoptimized + debuginfo] target(s) in 0.02s
Nov 30 21:33:50.431 INFO [stderr]      Running /target/debug/deps/rm_rf-12f292653465942c
Nov 30 21:33:50.432 INFO [stdout] 
Nov 30 21:33:50.432 INFO [stdout] running 1 test
Nov 30 21:33:50.460 INFO [stdout] test tests::behavior_test ... FAILED
Nov 30 21:33:50.460 INFO [stderr] error: test failed, to rerun pass '--lib'
Nov 30 21:33:50.460 INFO [stdout] 
Nov 30 21:33:50.460 INFO [stdout] failures:
Nov 30 21:33:50.460 INFO [stdout] 
Nov 30 21:33:50.460 INFO [stdout] ---- tests::behavior_test stdout ----
Nov 30 21:33:50.461 INFO [stdout] thread 'tests::behavior_test' panicked at 'called `Result::unwrap()` on an `Err` value: Os { code: 2, kind: NotFound, message: "No such file or directory" }', libcore/result.rs:1009:5
Nov 30 21:33:50.461 INFO [stdout] stack backtrace:
Nov 30 21:33:50.461 INFO [stdout]    0:     0x55f6a6b8d4bf - std::sys::unix::backtrace::tracing::imp::unwind_backtrace::h3a8b83e1922cbdde
Nov 30 21:33:50.461 INFO [stdout]                                at libstd/sys/unix/backtrace/tracing/gcc_s.rs:49
Nov 30 21:33:50.461 INFO [stdout]    1:     0x55f6a6b99f17 - std::sys_common::backtrace::print::h00d3155a29b4020f
Nov 30 21:33:50.461 INFO [stdout]                                at libstd/sys_common/backtrace.rs:71
Nov 30 21:33:50.462 INFO [stdout]                                at libstd/sys_common/backtrace.rs:59
Nov 30 21:33:50.462 INFO [stdout]    2:     0x55f6a6b929df - std::panicking::default_hook::{{closure}}::hd7465c742e79e1bb
Nov 30 21:33:50.462 INFO [stdout]                                at libstd/panicking.rs:211
Nov 30 21:33:50.462 INFO [stdout]    3:     0x55f6a6b926de - std::panicking::default_hook::h9e3966f2aa2a6e12
Nov 30 21:33:50.463 INFO [stdout]                                at libstd/panicking.rs:221
Nov 30 21:33:50.463 INFO [stdout]    4:     0x55f6a6b930be - std::panicking::rust_panic_with_hook::h587f091ae747d080
Nov 30 21:33:50.463 INFO [stdout]                                at libstd/panicking.rs:476
Nov 30 21:33:50.463 INFO [stdout]    5:     0x55f6a6b92c61 - std::panicking::continue_panic_fmt::hb3a4fdede87f43a8
Nov 30 21:33:50.463 INFO [stdout]                                at libstd/panicking.rs:390
Nov 30 21:33:50.463 INFO [stdout]    6:     0x55f6a6b92b45 - rust_begin_unwind
Nov 30 21:33:50.463 INFO [stdout]                                at libstd/panicking.rs:325
Nov 30 21:33:50.463 INFO [stdout]    7:     0x55f6a6bd4efc - core::panicking::panic_fmt::h6f9cebf5e7474a0b
Nov 30 21:33:50.463 INFO [stdout]                                at libcore/panicking.rs:77
Nov 30 21:33:50.463 INFO [stdout]    8:     0x55f6a6b35feb - core::result::unwrap_failed::h9ce6275cbf24a4c5
Nov 30 21:33:50.463 INFO [stdout]                                at libcore/macros.rs:26
Nov 30 21:33:50.463 INFO [stdout]    9:     0x55f6a6b35bdd - <core::result::Result<T, E>>::unwrap::h44e616e92639bd09
Nov 30 21:33:50.463 INFO [stdout]                                at libcore/result.rs:808
Nov 30 21:33:50.463 INFO [stdout]   10:     0x55f6a6b33462 - rm_rf::tests::test_eq_behavior_fn::h5bd2bed26f07537a
Nov 30 21:33:50.463 INFO [stdout]                                at src/lib.rs:69
Nov 30 21:33:50.463 INFO [stdout]   11:     0x55f6a6b33907 - rm_rf::tests::test_eq_behavior::he36370977171ef66
Nov 30 21:33:50.463 INFO [stdout]                                at src/lib.rs:87
Nov 30 21:33:50.463 INFO [stdout]   12:     0x55f6a6b33a66 - rm_rf::tests::behavior_test::ha7f018e284c15ce1
Nov 30 21:33:50.463 INFO [stdout]                                at src/lib.rs:94
Nov 30 21:33:50.463 INFO [stdout]   13:     0x55f6a6b33a39 - rm_rf::tests::behavior_test::{{closure}}::h4c4957c59bc763c4
Nov 30 21:33:50.463 INFO [stdout]                                at src/lib.rs:93
Nov 30 21:33:50.463 INFO [stdout]   14:     0x55f6a6b342ad - core::ops::function::FnOnce::call_once::hdc03f0af6d10e1c0
Nov 30 21:33:50.463 INFO [stdout]                                at libcore/ops/function.rs:238
Nov 30 21:33:50.463 INFO [stdout]   15:     0x55f6a6b3890e - <F as alloc::boxed::FnBox<A>>::call_box::hac903f91577a156c
Nov 30 21:33:50.463 INFO [stdout]                                at libtest/lib.rs:1468
Nov 30 21:33:50.463 INFO [stdout]                                at libcore/ops/function.rs:238
Nov 30 21:33:50.463 INFO [stdout]                                at liballoc/boxed.rs:672
Nov 30 21:33:50.463 INFO [stdout]   16:     0x55f6a6ba4ec9 - __rust_maybe_catch_panic
Nov 30 21:33:50.463 INFO [stdout]                                at libpanic_unwind/lib.rs:102
Nov 30 21:33:50.463 INFO [stdout]   17:     0x55f6a6b5a562 - std::sys_common::backtrace::__rust_begin_short_backtrace::hb8f0d0309526c184
Nov 30 21:33:50.463 INFO [stdout]                                at libstd/panicking.rs:289
Nov 30 21:33:50.463 INFO [stdout]                                at libstd/panic.rs:392
Nov 30 21:33:50.463 INFO [stdout]                                at libtest/lib.rs:1423
Nov 30 21:33:50.463 INFO [stdout]                                at libstd/sys_common/backtrace.rs:136
Nov 30 21:33:50.463 INFO [stdout]   18:     0x55f6a6b5b014 - std::panicking::try::do_call::hc2f7c8b9a348d8db
Nov 30 21:33:50.463 INFO [stdout]                                at libstd/thread/mod.rs:409
Nov 30 21:33:50.463 INFO [stdout]                                at libstd/panic.rs:313
Nov 30 21:33:50.463 INFO [stdout]                                at libstd/panicking.rs:310
Nov 30 21:33:50.463 INFO [stdout]   19:     0x55f6a6ba4ec9 - __rust_maybe_catch_panic
Nov 30 21:33:50.463 INFO [stdout]                                at libpanic_unwind/lib.rs:102
Nov 30 21:33:50.463 INFO [stdout]   20:     0x55f6a6b4824c - <F as alloc::boxed::FnBox<A>>::call_box::h6bfded618e480b32
Nov 30 21:33:50.463 INFO [stdout]                                at libstd/panicking.rs:289
Nov 30 21:33:50.463 INFO [stdout]                                at libstd/panic.rs:392
Nov 30 21:33:50.463 INFO [stdout]                                at libstd/thread/mod.rs:408
Nov 30 21:33:50.463 INFO [stdout]                                at liballoc/boxed.rs:672
Nov 30 21:33:50.463 INFO [stdout]   21:     0x55f6a6b8f90d - std::sys_common::thread::start_thread::h4c28257d67cdf9cb
Nov 30 21:33:50.463 INFO [stdout]                                at liballoc/boxed.rs:682
Nov 30 21:33:50.463 INFO [stdout]                                at libstd/sys_common/thread.rs:24
Nov 30 21:33:50.463 INFO [stdout]   22:     0x55f6a6b82705 - std::sys::unix::thread::Thread::new::thread_start::hfecb2e7eff8fd34f
Nov 30 21:33:50.463 INFO [stdout]                                at libstd/sys/unix/thread.rs:90
Nov 30 21:33:50.463 INFO [stdout]   23:     0x7f192c70e6b9 - start_thread
Nov 30 21:33:50.463 INFO [stdout]   24:     0x7f192c22e41c - clone
Nov 30 21:33:50.463 INFO [stdout]   25:                0x0 - <unknown>
Nov 30 21:33:50.463 INFO [stdout] 
Nov 30 21:33:50.463 INFO [stdout] 
Nov 30 21:33:50.463 INFO [stdout] failures:
Nov 30 21:33:50.463 INFO [stdout]     tests::behavior_test
Nov 30 21:33:50.463 INFO [stdout] 
Nov 30 21:33:50.463 INFO [stdout] test result: FAILED. 0 passed; 1 failed; 0 ignored; 0 measured; 0 filtered out
Nov 30 21:33:50.463 INFO [stdout] 
Nov 30 21:33:50.464 INFO [stderr] su: No module specific data is present
Nov 30 21:33:50.975 INFO running `"docker" "inspect" "718ae37cd544eb7c105af793f796ed0c2b594c25691687fff36ba0efcbe3c881"`
Nov 30 21:33:51.252 INFO running `"docker" "rm" "-f" "718ae37cd544eb7c105af793f796ed0c2b594c25691687fff36ba0efcbe3c881"`
Nov 30 21:33:51.447 INFO [stdout] 718ae37cd544eb7c105af793f796ed0c2b594c25691687fff36ba0efcbe3c881
